prime?
False
Is 290665987 composite?
True
Is 18631111 a composite number?
False
Is 57971383 composite?
True
Is 614113 prime?
True
Is 82199023 a prime number?
True
Is 947661261 a composite number?
True
Is 6572263 prime?
False
Is 10515101 a composite number?
False
Is 22902541 composite?
True
Is 1133953 prime?
False
Is 2244857 a prime number?
False
Is 45746095 a prime number?
False
Is 57997 composite?
True
Is 3272419 composite?
False
Is 37269539 prime?
True
Is 20061917 a prime number?
True
Is 53817 composite?
True
Is 1618535 prime?
False
Is 34264983 prime?
False
Is 156649837 prime?
True
Is 10978519 composite?
False
Is 891325135 composite?
True
Is 205055 a prime number?
False
Is 166924361 prime?
False
Is 23579701 a prime number?
True
Is 812627 prime?
True
Is 7262623 composite?
True
Is 3287721 prime?
False
Is 14314627 composite?
False
Is 104102081 a composite number?
True
Is 1208009 composite?
True
Is 60367469 composite?
True
Is 1547213 a prime number?
True
Is 2965681 prime?
True
Is 3727279 composite?
False
Is 4740445 a prime number?
False
Is 9904193 a prime number?
False
Is 62841574 a prime number?
False
Is 3030773 prime?
False
Is 27100349 prime?
False
Is 14048279 a prime number?
False
Is 7463303 prime?
False
Is 46377509 prime?
True
Is 381283379 prime?
True
Is 9560843 prime?
True
Is 655458469 a composite number?
False
Is 119338577 a composite number?
True
Is 16217053 prime?
False
Is 2695399 a composite number?
True
Is 114111731 a composite number?
False
Is 34686187 prime?
True
Is 52444897 a prime number?
True
Is 1271747 prime?
True
Is 10642627 prime?
False
Is 383355331 composite?
True
Is 338535583 composite?
False
Is 9546157 prime?
True
Is 430750213 composite?
False
Is 266177845 a composite number?
True
Is 3788989 composite?
False
Is 729433 a composite number?
True
Is 16257737 composite?
False
Is 10790579 composite?
True
Is 357212513 prime?
False
Is 16199011 prime?
False
Is 277375169 a prime number?
False
Is 4157077 composite?
False
Is 7521029 prime?
False
Is 2185787 a composite number?
True
Is 2989835 a composite number?
True
Is 12668107 a prime number?
False
Is 193686502 a prime number?
False
Is 6452455 a prime number?
False
Is 71807693 prime?
False
Is 1220369 a composite number?
False
Is 1919441 prime?
True
Is 198163151 prime?
True
Is 12085979 a composite number?
False
Is 608357 prime?
True
Is 5770939 a prime number?
False
Is 27624629 a composite number?
False
Is 179357 a composite number?
False
Is 41509189 a prime number?
False
Is 32791609 a composite number?
True
Is 1297927 a prime number?
True
Is 64591907 a prime number?
True
Is 46998877 a prime number?
True
Is 264914686 composite?
True
Is 160216597 a composite number?
True
Is 188874037 a composite number?
True
Is 145765831 a composite number?
False
Is 21498007 a prime number?
False
Is 74263247 composite?
False
Is 5407687 a prime number?
True
Is 6469999 composite?
True
Is 997201 a composite number?
False
Is 1549733 a prime number?
True
Is 60064481 prime?
False
Is 6335711 a prime number?
True
Is 9977503 prime?
True
Is 58783 prime?
False
Is 3280279 a prime number?
True
Is 39263333 a prime number?
True
Is 3004271 a composite number?
False
Is 572591 composite?
True
Is 238591 a composite number?
False
Is 73142879 a prime number?
True
Is 135075371 prime?
True
Is 3498763 a prime number?
False
Is 13560499 prime?
True
Is 5763981 prime?
False
Is 1398011 a composite number?
False
Is 50642179 a composite number?
True
Is 261777377 composite?
False
Is 8152203 a composite number?
True
Is 75249079 prime?
True
Is 15462169 prime?
False
Is 24521177 composite?
False
Is 1543147 composite?
True
Is 111123359 prime?
True
Is 1342049 a composite number?
False
Is 551463499 prime?
False
Is 4524083 composite?
False
Is 4593613 a prime number?
False
Is 558199 a prime number?
False
Is 1643689 a prime number?
False
Is 27947971 a prime number?
True
Is 2896277 a prime number?
True
Is 212781287 a prime number?
True
Is 2212657 composite?
False
Is 72965017 composite?
False
Is 1680885049 a composite number?
False
Is 267324389 composite?
False
Is 1834013 composite?
True
Is 16305119 a prime number?
True
Is 38899 a prime number?
False
Is 3083217 composite?
True
Is 7010281 composite?
False
Is 85024969 composite?
False
Is 222498169 prime?
True
Is 16640543 a prime number?
False
Is 5371309 a prime number?
False
Is 2117713 a prime number?
False
Is 10812485 a prime number?
False
Is 4727791 a composite number?
False
Is 1468387 a composite number?
False
Is 85512937 a prime number?
True
Is 392531 composite?
False
Is 8432639 a prime number?
False
Is 156829727 prime?
False
Is 724667 a prime number?
False
Is 19749101 prime?
True
Is 5751147 prime?
False
Is 31781441 composite?
False
Is 348679 prime?
False
Is 200652679 composite?
True
Is 393307 a composite number?
True
Is 5683731 composite?
True
Is 43272617 composite?
False
Is 14037967 a composite number?
False
Is 107937881 composite?
False
Is 12867331 prime?
False
Is 103286581 a composite number?
False
Is 70431041 composite?
False
Is 11810657 a composite number?
False
Is 21705337 a prime number?
True
Is 2947823 a composite number?
False
Is 42613633 a composite number?
False
Is 2095927 composite?
False
Is 2962891 a prime number?
True
Is 21475271 a composite number?
False
Is 95845369 a prime number?
True
Is 18125615 prime?
False
Is 81643619 prime?
False
Is 1282711 a composite number?
True
Is 6994103 composite?
False
Is 20067727 a composite number?
True
Is 275019493 a prime number?
False
Is 6447293 composite?
False
Is 58957949 a composite number?
False
Is 387547 a composite number?
True
Is 55772947 a prime number?
False
Is 7695541 a composite number?
True
Is 384837067 a prime number?
True
Is 7175221 a composite number?
True
Is 36559181 a prime number?
True
Is 182601851 a composite number?
False
Is 36046849 prime?
False
Is 238891 prime?
False
Is 103259201 composite?
False
Is 2274241 composite?
False
Is 27055489 prime?
True
Is 600629269 a composite number?
False
Is 166960301 a prime number?
True
Is 626528746 composite?
True
Is 11045677 composite?
True
Is 3279949 a prime number?
True
Is 5697409 a prime number?
False
Is 1790939 a prime number?
True
Is 5117507 a composite number?
True
Is 20406917 composite?
False
Is 695692703 a composite number?
False
Is 36589841 a prime number?
True
Is 1870111771 a prime number?
False
Is 1589579 a prime number?
False
Is 109479 a composite number?
True
Is 14233823 prime?
False
Is 685301009 prime?
True
Is 6853901 a prime number?
True
Is 3879506 prime?
False
Is 71793103 a composite number?
True
Is 124061273 a prime number?
False
Is 5782697 a composite number?
False
Is 199623 prime?
False
Is 19887719 a prime number?
True
Is 81781993 a composite number?
True
Is 3724807 a composite number?
False
Is 144607 composite?
True
Is 7288849 a composite number?
False
Is 293719 a composite number?
True
Is 4788191 a composite number?
True
Is 61955563 prime?
True
Is 79158389 a prime number?
False
Is 7153547 a composite number?
True
Is 61440361 prime?
True
Is 8196077 composite?
False
Is 206879 composite?
False
Is 24703799 prime?
True
Is 47278405 prime?
False
Is 253133 prime?
True
Is 151325255 prime?
False
Is 6792137 composite?
True
Is 118741 a composite number?
True
Is 2034755 prime?
False
Is 3225403 a composite number?
True
Is 28418107 a prime number?
True
Is 49897438 prime?
False
Is 992949 a composite number?
True
Is 54887627 a composite number?
False
Is 1587919 composite?
True
Is 167002981 a composite number?
True
Is 644853011 a prime number?
False
Is 4295743 a composite number?
True
Is 1620098 prime?
False
Is 6697127 a prime number?
True
Is 913085 prime?
False
Is 7999847 prime?
True
Is 10041809 a composite number?
True
Is 43692841 a composite number?
False
Is 887227 composite?
True
Is 44521531 a prime number?
False
Is 181608343 composite?
True
Is 35247769 a composite number?
True
Is 16007353 composite?
True
Is 12224551 a prime number?
True
Is 3354226 composite?
True
Is 78161957 prime?
True
Is 119760989 a prime number?
True
Is 243630011 composite?
False
Is 3221639 a prime number?
False
Is 22478461 a prime number?
True
Is 736493 composite?
True
Is 122069629 a composite number?
True
Is 118491371 a composite number?
True
Is 605889443 prime?
False
Is 1508071 a composite number?
True
Is